remainder when s is divided by w.
5
Let v(g) = -g**3 + 7*g**2 - 3*g + 7. Let p be v(5). Let b(f) = -84*f + 1. Let x be b(-1). Let d = x - p. What is the remainder when d is divided by 15?
13
Suppose -26 = -q - q. Let i = 119 + -188. Let s = -45 - i. Calculate the remainder when s is divided by q.
11
Let p = -1 - -34. What is the remainder when 62 is divided by p?
29
Let q(a) = -a + 12. What is the remainder when 91 is divided by q(-11)?
22
Suppose 4*l + 2*d = 4*d - 6, 2*l + 4*d = 2. Let f = l - -5. Suppose -b - 77 = -5*w + 130, -f = 2*b. Calculate the remainder when w is divided by 11.
8
Let v be ((-4)/(-6))/(14/(-21)). Let y(s) = 12*s**2 + 2*s + 1. Calculate the remainder when 20 is divided by y(v).
9
Let t = -3 + 24. Calculate the remainder when 71 is divided by t.
8
What is the remainder when 77 is divided by 154/6 + 11/33?
25
Let v(y) = 6*y**3 - y**2 - 2*y - 1. Calculate the remainder when v(2) is divided by 20.
19
Let l(x) = x**2 + 2*x + 1. Let i be l(-2). Let j(p) = p. Let o be j(i). Let a = 2 - o. Calculate the remainder when a is divided by 1.
0
Let f be (-514)/(-14) - 4/(-14). Let d = f - 17. What is the remainder when d is divided by (11*-1)/((-1)/1)?
9
Suppose 4*p = -11 + 27. Suppose y - 3*b = -p*b + 15, y - 9 = b. What is the remainder when y is divided by 5?
2
Let z(q) = q**2 - 2*q - 2. What is the remainder when z(5) is divided by 8?
5
Let f(r) = r**3 + 13*r**2 - 29*r + 20. Let z = 23 - 15. What is the remainder when z is divided by f(-15)?
3
Suppose -5*v + 5*n = -70, -2*n = 2*v - 7*v + 61. What is the remainder when 29 is divided by v?
7
Suppose p - 140 = 6*p. Let a = -16 - p. What is the remainder when 58 is divided by a?
10
Let a = -12 - -23. Suppose -58 = -3*n + a. Calculate the remainder when n is divided by 12.
11
Suppose 0 = -3*f + 5*f. Suppose f = 5*r - 28 - 47. Let v = -7 + r. Calculate the remainder when v is divided by 5.
3
Let a(n) = n + 4. Suppose 4*p + 3 + 5 = 0. What is the remainder when (1 - 3/(-1)) + 1 is divided by a(p)?
1
Suppose -4*s + 48 = 4*a, 5*s - a - 66 + 6 = 0. What is the remainder when -21*10/(-4)*(-22)/(-33) is divided by s?
11
Suppose 4*o + 12 = 7*o. Suppose 5*s - 2*b = -6*b + 87, -84 = -o*s + 4*b. Calculate the remainder when s is divided by 10.
9
Let z(v) = -33*v. Let g be z(1). Let j = g + 46. What is the remainder when j is divided by 7?
6
Suppose 6*h - 56 = 40. What is the remainder when 31 is divided by h?
15
Let x(c) = -c**2 - c + 4. Let v be x(0). Let o = 16 + v. What is the remainder when 39 is divided by o?
19
Let z = 3 - -2. Calculate the remainder when 17 is divided by z.
2
Suppose -2*w = -22 - 24. Let k(c) = -2*c + 5. Let u be k(10). Let s = w + u. What is the remainder when s is divided by 5?
3
Let y(v) = 3*v - 4. Let x be y(6). Let c = x + -8. Calculate the remainder when c is divided by 3.
0
Suppose 0 = -5*x + 4*n + 26, 0 = -x + 2*n + 2 + 2. Suppose x = 5*h - 29. What is the remainder when h is divided by 2?
1
Let l(o) = -3*o**3 - 3*o**2 - o - 2. Let b be l(-3). Let d = 100 + -17. Let j = d - b. Calculate the remainder when j is divided by 10.
8
Suppose 8*z - 4*z = v + 251, 4*z - 2*v = 254. What is the remainder when z is divided by 16?
14
Suppose -5*d + 276 = 4*j + 35, -j = 2*d - 58. What is the remainder when j is divided by 11?
9
Let i(p) = -p**2 - 10*p + 5. Suppose -4*z - 29 = 11. What is the remainder when i(z) is divided by 4?
1
Let v be 0/((-4)/(-4) + 0). Suppose -8*k + 6*k + 6 = v. Calculate the remainder when k is divided by 3.
0
Calculate the remainder when 9 is divided by (-10)/(-35) - (-57)/21.
0
Let l(v) = 6*v**2 - 2*v + 2. Suppose -2*u + 0*u = -g, 5*u = -4*g + 13. Calculate the remainder when l(g) is divided by 3 + 14 + -3 - 2.
10
Let a be ((-10)/25)/((-2)/10). Suppose -i - 20 = i - 4*j, i - a = -2*j. Let w = 17 + i. Calculate the remainder when 38 is divided by w.
12
Let n be (16/20)/((-2)/(-5)). Suppose -n*j - 62 = -3*m - m, -4*m = 5*j - 97. Calculate the remainder when m is divided by 7.
4
Suppose 2*b - f - 69 = 0, 2*f - 34 = -b - 2. Suppose -2*z = 4*n - 54, b = 4*n - 4*z + 2*z. What is the remainder when 29 is divided by n?
7
Let b be ((-3)/1)/((-9)/(-30)). Let x = -6 - b. Let s = 4 - 1. Calculate the remainder when x is divided by s.
1
Suppose -d + 2 = 0, -3*v + 2*d - 38 = -2*d. What is the remainder when 22 is divided by v/(-4)*(-48)/(-15)?
6
Suppose 2*c = 7*c - 20. Suppose z - 15 = 2*r - 2, 4 = -c*r. Calculate the remainder when 41 is divided by z.
8
What is the remainder when 3 - 6 - (-29 - 0) is divided by 7?
5
Let g(j) = -3*j - 3. What is the remainder when 67 is divided by g(-7)?
13
Let h(k) = k**3 - 12*k**2 - 12*k - 11. Let o be h(13). Suppose -5*b - s + 49 = 0, 1 = -4*b + 5*b - o*s. Calculate the remainder when 14 is divided by b.
5
Suppose 2 = -i - 0, 5*y = -i + 33. Let j(z) = 4*z - 14. Calculate the remainder when y is divided by j(4).
1
Let b = 11 - 13. Let w = b - -7. Calculate the remainder when 23 is divided by w.
3
Let q(l) = l + 6. Let d(y) = 3*y**2 + 2*y - 4. Suppose 3*g + 5 = -4. What is the remainder when d(g) is divided by q(0)?
5
Let a be (0/2 - -3) + 3. Calculate the remainder when 31 is divided by a/(-21) + (-79)/(-7).
9
Suppose 0 = -5*b + 3*b + 36. Suppose -27 = -5*p - 2*x + b, -2*x = 3*p - 31. Calculate the remainder when -2 + -2*(-30)/4 is divided by p.
6
Let b(a) = -2*a**2 - 3*a**2 + 4*a**2 - 9*a - 1. Suppose -5*h + 4 = -31. Calculate the remainder when b(-5) is divided by h.
5
Let k(z) = 22*z - 1. Calculate the remainder when 34 is divided by k(1).
13
Suppose -2*t - 104 = -6*t. Calculate the remainder when 3/(-9) + (-229)/(-3) is divided by t.
24
Suppose 2*n + 0*n - t = 5, -3*t - 15 = 5*n. Suppose n*l + 48 = 3*l. Calculate the remainder when 31 is divided by l.
15
Let v = 69 - 22. Calculate the remainder when v is divided by 12.
11
Let k(h) = 7*h**2 - 11*h - 15. Let o(n) = 6*n**2 - 10*n - 14. Let b(m) = -5*k(m) + 6*o(m). Calculate the remainder when 6 is divided by b(7).
1
Let j(r) = 5*r**2 - 1 - 3 + 2*r + 2 + r**3. Let g be (-140)/77 + 2/(-11). What is the remainder when 17 is divided by j(g)?
5
Let k(z) = z**3 - 6*z**2 + 4*z + 7. Let s(w) = -w + 8. What is the remainder when k(5) is divided by s(7)?
0
What is the remainder when (-2 - -20)*20/8 is divided by 12?
9
Let g be (-28)/(-8) - (-2)/(-4). Suppose 0*u - 2*u = 0. Suppose 5*v + 4*o - g - 32 = 0, u = 4*v + 4*o - 28. Calculate the remainder when v is divided by 3.
1
Let m(z) = -z**3 + 11*z**2 + 14*z - 13. What is the remainder when 16 is divided by m(12)?
5
Let v(u) = -u**2 - 15*u - 3. What is the remainder when v(-6) is divided by 13?
12
Let m = -138 + 200. Let v be m/4 - (-2)/4. Suppose v + 17 = j. What is the remainder when j is divided by 17?
16
Suppose -2*g + g = -14. Suppose 0 = -3*s + 5*w + 123, s + 44*w = 46*w + 41. What is the remainder when s is divided by g?
13
Suppose -2 + 97 = s. Calculate the remainder when s is divided by 14.
11
Suppose 6*r = 11*r - 95. Let w = r - 12. What is the remainder when 18 is divided by w?
4
Let w = 1 + 0. Let g = 14 - 8. Let h(m) = -m + 7. What is the remainder when w is divided by h(g)?
0
Suppose 5*l = 7*l - 26. Calculate the remainder when 62 is divided by l.
10
Suppose 0 = -6*f + 643 + 683. Calculate the remainder when f is divided by 28.
25
Let d be (5/(-1))/(3/(-15)). Let b = d - 3. Calculate the remainder when b is divided by 12.
10
Let f(d) be the second derivative of 2*d**3/3 - 5*d**2/2 + d. Let p = 34 - 22. Calculate the remainder when f(7) is divided by p.
11
What is the remainder when (1 - -30)*24/8 is divided by 24?
21
Suppose 0 = -2*t - 0*t - 20. Let b(s) = 36*s + 2. What is the remainder when b(1) is divided by (t/3)/(3/(-9))?
8
What is the remainder when (-1001)/(-22) - 2/(-4) is divided by 17?
12
Let t = -48 - -54. What is the remainder when 20 is divided by t?
2
Let o = -50 + 59. What is the remainder when 52 is divided by o?
7
Let c(k) = -k + 10. Let l be 1/(-3*(-2)/48). Let s be c(l). Suppose 3*x - s*j = 9, 0*j = -3*x - 4*j - 9. Calculate the remainder when x is divided by 1.
0
Let r(j) = -2*j**3 + j**2 - 3*j - 6. Calculate the remainder when 38 is divided by r(-2).
18
Let z = 3 - 1. Suppose z*g - 5*l = 62, 112 = 4*g - 5*l + 8. Suppose 2*u - 5 - g = 0. Calculate the remainder when 38 is divided by u.
12
Suppose -3*v - 